15) to base 2
10111010110011011101001
-124360 (base 12) to base 15
-5d330
What is -575714 (base 8) in base 9?
-327187
-3892f1 (base 16) to base 13
-9ca787
What is -12476 (base 10) in base 14?
-4792
Convert 108442 (base 10) to base 16.
1a79a
What is 33562602 (base 7) in base 14?
561339
Convert -21322540 (base 8) to base 7.
-53540025
Convert -6231630 (base 7) to base 11.
-470567
What is 1603353 (base 7) in base 15?
45170
-101101010010111001 (base 2) to base 3
-100102111110
What is -3415c (base 14) in base 6?
-2413354
Convert 95599c (base 13) to base 4.
31111301311
What is 70a1e5 (base 16) in base 13?
16b5a4c
What is 20057 (base 8) in base 9?
12264
What is 11786 (base 13) in base 6?
404215
What is 11022122220222 (base 3) in base 2?
1000110000100111100111
-813e27 (base 15) to base 8
-27326071
Convert 15232570 (base 8) to base 14.
66ab44
101102011001022 (base 3) to base 16
5470b2
Convert -56a51 (base 16) to base 12.
-151469
-9851696 (base 10) to base 8
-45451460
1bb3ce (base 15) to base 6
45005352
-4d634a (base 14) to base 4
-22023110232
What is -440350 (base 7) in base 9?
-126571
What is -310ab8 (base 15) in base 13?
-6380c0
-14110201 (base 5) to base 9
-240103
What is 741077 (base 10) in base 8?
2647325
Convert 1120211122101 (base 3) to base 7.
10111201
3551166 (base 7) to base 15
8d26c
Convert aac8 (base 16) to base 3.
2012222021
-24413343 (base 5) to base 13
-819ac
Convert 39d02 (base 16) to base 13.
83a27
Convert -aa936 (base 12) to base 13.
-7bb1c
What is -8d0920 (base 15) in base 7?
-111151044
-21100120102110 (base 3) to base 16
-3ba37e
What is 41a9d (base 14) in base 9?
261378
-2113c4 (base 13) to base 12
-313b0b
What is -28b8 (base 12) in base 14?
-1a32
What is -117243 (base 8) in base 14?
-10b2b
Convert -11a6300 (base 12) to base 16.
-34b030
Convert -5277837 (base 10) to base 15.
-6e3c0c
59384 (base 11) to base 13
2cc98
What is -310010301 (base 4) in base 12?
-a3529
Convert -2564668 (base 11) to base 8.
-20744353
What is 49a2a53 (base 11) in base 4?
201020213123
What is -a8867 (base 12) in base 10?
-222415
Convert -13022624 (base 7) to base 4.
-10200221102
What is 120052013 (base 6) in base 7?
25044204
What is ba34 (base 12) in base 13?
9430
c1623 (base 13) to base 2
1010100011101110100
Convert 65b92 (base 12) to base 6.
2515502
What is -406763 (base 9) in base 15?
-4b6e9
Convert -1000010010010 (base 2) to base 10.
-4242
What is 25522033 (base 6) in base 9?
1512453
Convert -1287882 (base 10) to base 16.
-13a6ca
8b39d (base 14) to base 15
6a344
What is 12200000101102 (base 3) in base 16?
2df4c4
8aa824 (base 11) to base 4
11201302202
Convert -98551 (base 11) to base 13.
-50180
-1515141 (base 7) to base 6
-4225050
What is 4030313041 (base 5) in base 12?
2846933
What is -3192d6 (base 14) in base 6?
-55540352
What is b7d2c (base 16) in base 2?
10110111110100101100
-11317645 (base 8) to base 13
-6843c4
3302a1 (base 11) to base 6
15145445
What is -25552322 (base 6) in base 13?
-234bb7
-761184 (base 10) to base 5
-143324214
Convert 190342 (base 11) to base 6.
10141313
-230210510 (base 6) to base 13
-b48025
Convert 200030310103 (base 4) to base 9.
16785017
4111221004 (base 5) to base 13
1949c10
209661 (base 11) to base 5
41203444
-13323521 (base 8) to base 4
-23122131101
What is -10021100121100 (base 3) in base 7?
-20532165
Convert -69800 (base 15) to base 8.
-1220065
What is 3cb71d (base 16) in base 5?
2004312122
5562525 (base 7) to base 13
1b0cb1
37656 (base 13) to base 7
603543
What is 742425 (base 8) in base 11?
159691
Convert -325057 (base 8) to base 11.
-74a75
Convert 212222112022 (base 3) to base 8.
1631761
Convert 13c5876 (base 13) to base 16.
60112e
-1c4b5 (base 14) to base 9
-120138
What is -31cccc (base 15) in base 2?
-1001000011001000101110
What is -14734b8 (base 13) in base 14?
-c19bc2
-6129054 (base 10) to base 11
-3506938
1300420440 (base 5) to base 8
13762466
What is -125b088 (base 14) in base 11?
-4a8a312
-2a005 (base 14) to base 3
-12022001010
What is -548336 (base 12) in base 5?
-320411102
Convert 201102012011 (base 3) to base 5.
44212020
600271 (base 13) to base 9
4165444
What is -3711641 (base 8) in base 2?
-11111001001110100001
Convert 1010032144 (base 5) to base 6.
111330000
What is 713077 (base 11) in base 3?
2011020010020
Convert -663744 (base 8) to base 4.
-312133210
-11201404 (base 5) to base 15
-1ea6e
-10c08f6 (base 16) to base 13
-3840564
What is 468142 (base 10) in base 9?
783147
Convert -36c5ba (base 13) to base 16.
-14075f
What is 69270c (base 13) in base 2?
1001100000000000011100
What is 13120222133 (base 4) in base 6?
105255035
What is -8029b (base 14) in base 15?
-6133c
What is ca21 (base 14) in base 11?
24263
What is 92c524 (base 13) in base 9?
6401524
9118a (base 11) to base 5
13231234
Convert -3305835 (base 9) to base 12.
-7177ab
3282a2 (base 13) to base 5
301022142
What is 4400240 (base 5) in base 4?
102110332
What is 29653 (base 10) in base 5?
1422103
What is -100010011001000001101 (base 2) in base 16?
-11320d
3013886 (base 9) to base 16
1878d5
What is 16a560 (base 12) in base 9?
655710
What is -1455455 (base 11) in base 15?
-344914
What is -5e030 (base 16) in base 8?
-1360060
Convert 31201020210 (base 4) to base 5.
1401343323
-6010655 (base 7) to base 15
-dee6e
1573b4e (base 15) to base 7
246132353
Convert 1044342 (base 8) to base 2.
1000100100011100010
-61656130 (base 8) to base 6
-1144011304
Convert 457534 (base 8) to base 13.
55a04
What is 10001011111000011111 (base 2) in base 13?
170a3a
What is -12132212 (base 5) in base 16?
-1bffa
Convert -1577038 (base 14) to base 5.
-10142204301
-2054108 (base 9) to base 7
-12224120
What is -b6a6 (base 15) in base 4?
-21123213
594893 (base 11) to base 13
270548
-5b261 (base 12) to base 7
-1021513
What is 38633 (base 9) in base 3?
1022201010
Convert -64421247 (base 8) to base 10.
-13771431
Convert 2355526 (base 7) to base 3.
120020010011
Convert 3622322 (base 7) to base 11.
294203
121321332321 (base 4) to base 15
8e229c
What is -10110011100010010110 (base 2) in base 6?
-23432314
Convert -2228e8 (base 15) to base 8.
-6155140
Convert -245125 (base 6) to base 2.
-101010101101101
Convert 210121 (base 6) to base 8.
41001
Convert 7614 (base 16) to base 12.
155b0
Convert -3202603 (base 7) to base 12.
-168334
Convert -18302266 (base 9) to base 12.
-3103950
Convert 756411 (base 9) to base 11.
28880a
-2725710 (base 8) to base 3
-1102212012121
Convert -133132012 (base 4) to base 3.
-20112211011
28663065 (base 9) to base 2
110110001110000011111100
1165223 (base 9) to base 6
21325420
What is 39436 (base 13) in base 6?
2135321
What is 8423532 (base 9) in base 13?
c18a97
-4525701 (base 9) to base 12
-9970b4
-2620112 (base 7) to base 5
-41403000
What is 510404 (base 8) in base 7?
1300240
1965a8 (base 11) to base 8
1114731
Convert 1a1a212 (base 11) to base 7.
40662333
Convert -72224 (base 15) to base 12.
-155321
What is -59164 (base 14) in base 15?
-444aa
Convert -8d02 (base 15) to base 13.
-10811
-12c37 (base 15) to base 12
-2a967
Convert 2b5bd7 (base 14) to base 9.
2757183
-6226036 (base 7) to base 12
-2bbb37
612e1 (base 15) to base 5
34322121
-2208a0 (base 11) to base 4
-1112003032
11330044 (base 5) to base 8
315100
Convert 18571 (base 14) to base 9.
103254
Convert -414214402 (base 5) to base 10.
-1710602
8e469 (base 16) to base 15
b7a0b
What is 40a065 (base 12) in base 3?
1220110010212
What is -1a68c (base 14) in base 6?
-1234524
Convert 30102110100 (base 4) to base 10.
3220752
Convert -1111001001110001 (base 2) to base 11.
-426a3
Convert 102042430 (base 6) to base 16.
1b2412
What is -3a3a0b (base 12) in base 9?
-1723482
What is 19744 (base 11) in base 10?
27515
24577261 (base 8) to base 9
11210103
What is -112000122 (base 3) in base 15?
-3068
What is 33024211 (base 5) in base 4?
1011012300
What is 9681 (base 14) in base 6?
320145
20665b6 (base 12) to base 6
334523550
Convert -436091a (base 11) to base 2.
-11101001101101101110001
-2490278 (base 10) to base 6
-125213022
246015 (base 9) to base 12
720a2
What is 130051512 (base 6) in base 3?
11202100102222
What is 112242440 (base 6) in base 2?
111111010011001011000
Convert -24034405 (base 6) to base 13.
-20401a
What is 195a4 (base 12) in base 8?
110414
-4024313333 (base 5) to base 13
-1887419
Convert 36122621 (base 7) to base 11